f 1960?
True
Is 25 a factor of 1514?
False
Is 57 a factor of 2280?
True
Does 37 divide 179?
False
Does 14 divide 702?
False
Is 49 a multiple of 2?
False
Is 14565 a multiple of 90?
False
Is 355 a multiple of 5?
True
Is 1645 a multiple of 6?
False
Is 24 a factor of 3373?
False
Does 34 divide 17408?
True
Is 15258 a multiple of 6?
True
Is 1564 a multiple of 34?
True
Is 178 a multiple of 5?
False
Is 57 a factor of 12882?
True
Is 39 a factor of 8427?
False
Is 121068 a multiple of 27?
True
Is 20204 a multiple of 48?
False
Does 39 divide 6914?
False
Is 19410 a multiple of 30?
True
Does 10 divide 2042?
False
Is 66 a factor of 10230?
True
Is 429 a multiple of 33?
True
Does 24 divide 31214?
False
Is 3456 a multiple of 54?
True
Does 4 divide 1279?
False
Does 16 divide 132045?
False
Is 1798 a multiple of 39?
False
Is 125 a multiple of 5?
True
Does 64 divide 5851?
False
Does 74 divide 1954?
False
Is 2404 a multiple of 12?
False
Does 4 divide 244?
True
Is 720 a multiple of 30?
True
Is 94 a multiple of 33?
False
Does 27 divide 78813?
True
Is 110 a multiple of 11?
True
Is 40 a factor of 3701?
False
Is 2576 a multiple of 16?
True
Does 94 divide 993?
False
Does 16 divide 1856?
True
Is 8 a factor of 7546?
False
Does 30 divide 47974?
False
Is 2069 a multiple of 10?
False
Is 1122 a multiple of 51?
True
Does 10 divide 246?
False
Is 343 a multiple of 12?
False
Is 7426 a multiple of 79?
True
Is 155 a multiple of 8?
False
Does 15 divide 74449?
False
Does 17 divide 731?
True
Is 59 a factor of 602?
False
Does 3 divide 3231?
True
Does 152 divide 3040?
True
Is 1004 even?
True
Does 150 divide 4950?
True
Is 931 a multiple of 13?
False
Is 7 a factor of 4508?
True
Does 55 divide 8195?
True
Does 393 divide 181959?
True
Is 5574 a multiple of 8?
False
Does 10 divide 1425?
False
Does 15 divide 45?
True
Is 13954 a multiple of 18?
False
Is 78 a factor of 1092?
True
Does 66 divide 20606?
False
Is 149 a factor of 14006?
True
Does 11 divide 15730?
True
Is 3 a factor of 2677?
False
Does 13 divide 754?
True
Is 24 a factor of 4992?
True
Is 286 a factor of 1385?
False
Is 24 a factor of 3000?
True
Is 12 a factor of 4908?
True
Does 31 divide 7161?
True
Is 333 a multiple of 209?
False
Is 102 a factor of 56391?
False
Does 77 divide 2695?
True
Is 5822 a multiple of 42?
False
Is 11396 a multiple of 77?
True
Does 3 divide 167?
False
Is 384 a multiple of 16?
True
Does 90 divide 70266?
False
Does 4 divide 272?
True
Is 180 a factor of 6832?
False
Is 2680 a multiple of 17?
False
Does 10 divide 405?
False
Is 27706 a multiple of 26?
False
Is 2 a factor of 30?
True
Is 1999 a multiple of 182?
False
Is 2365 a multiple of 18?
False
Does 22 divide 370?
False
Does 16 divide 1682?
False
Is 204 a factor of 49105?
False
Is 37 a factor of 3077?
False
Does 27 divide 4158?
True
Is 26867 a multiple of 18?
False
Is 637 a multiple of 49?
True
Is 43870 a multiple of 41?
True
Is 22 a factor of 1958?
True
Is 2058 a multiple of 6?
True
Is 161 a factor of 32668?
False
Is 17 a factor of 26384?
True
Is 7832 a multiple of 65?
False
Is 133 a factor of 418?
False
Does 16 divide 29536?
True
Is 80 a factor of 2720?
True
Is 1242 a multiple of 46?
True
Is 2304 a multiple of 64?
True
Is 12884 a multiple of 2?
True
Does 27 divide 5141?
False
Is 22 a factor of 1330?
False
Does 14 divide 1022?
True
Does 8 divide 840?
True
Is 18717 a multiple of 53?
False
Does 196 divide 16660?
True
Is 952 a multiple of 8?
True
Is 1293 a multiple of 16?
False
Is 18 a factor of 110?
False
Is 56 a factor of 904?
False
Does 32 divide 6951?
False
Is 34131 a multiple of 63?
False
Is 4156 a multiple of 2?
True
Does 3 divide 2407?
False
Is 38 a factor of 28567?
False
Is 12408 a multiple of 88?
True
Is 8911 a multiple of 7?
True
Does 8 divide 816?
True
Is 43740 a multiple of 270?
True
Is 48 a multiple of 16?
True
Is 2243 a multiple of 7?
False
Does 6 divide 9459?
False
Does 17 divide 153?
True
Is 216 a multiple of 9?
True
Does 25 divide 1150?
True
Is 134880 a multiple of 24?
True
Is 494 a multiple of 26?
True
Is 2373 a multiple of 3?
True
Is 27 a factor of 69255?
True
Does 124 divide 1066?
False
Does 15 divide 173?
False
Is 11 a factor of 33220?
True
Is 39270 a multiple of 14?
True
Does 16 divide 144?
True
Does 41 divide 1050?
False
Is 64 a factor of 576?
True
Is 27 a factor of 35481?
False
Does 5 divide 6165?
True
Does 95 divide 52250?
True
Is 193 a factor of 22002?
True
Is 14 a factor of 2996?
True
Is 12 a factor of 906?
False
Is 25 a factor of 7312?
False
Does 10 divide 660?
True
Is 1280 a multiple of 40?
True
Is 13 a factor of 2418?
True
Does 9 divide 3261?
False
Does 15 divide 585?
True
Is 14096 a multiple of 86?
False
Does 40 divide 935?
False
Is 4 a factor of 1985?
False
Is 37 a factor of 9105?
False
Is 12 a factor of 1620?
True
Is 2520 a multiple of 60?
True
Is 13 a factor of 12766?
True
Is 4125 a multiple of 15?
True
Does 11 divide 2720?
False
Is 10 a factor of 1030?
True
Is 26812 a multiple of 268?
False
Is 190 a multiple of 10?
True
Does 25 divide 3540?
False
Is 2 a factor of 442?
True
Is 101 even?
False
Is 6728 a multiple of 23?
False
Does 162 divide 12053?
False
Is 44 a factor of 22484?
True
Is 1723 a multiple of 7?
False
Is 2527 a multiple of 19?
True
Is 100 a factor of 39457?
False
Is 95 a factor of 14440?
True
Does 19 divide 13300?
True
Is 552 a multiple of 32?
False
Does 141 divide 6425?
False
Does 6 divide 1518?
True
Does 6 divide 3144?
True
Is 240 a multiple of 4?
True
Is 4904 a multiple of 8?
True
Is 7 a factor of 15176?
True
Is 25 a factor of 7778?
False
Is 738 a multiple of 11?
False
Does 2 divide 608?
True
Is 574 a multiple of 14?
True
Does 3 divide 130?
False
Is 22410 a multiple of 135?
True
Is 28 a factor of 7504?
True
Does 77 divide 10087?
True
Is 20385 a multiple of 17?
False
Does 10 divide 11413?
False
Is 3264 a multiple of 8?
True
Is 43 a factor of 11172?
False
Does 45 divide 1125?
True
Is 63 a factor of 4158?
True
Is 105 a factor of 28560?
True
Does 195 divide 54879?
False
Is 23 a factor of 629?
False
Is 10 a factor of 1280?
True
Is 47 a factor of 470?
True
Is 5 a factor of 1295?
True
Is 3 a factor of 2895?
True
Is 22 a factor of 92642?
True
Is 1653 a multiple of 19?
True
Does 37 divide 12448?
False
Is 24 a factor of 4859?
False
Is 33284 a multiple of 157?
True
Is 25006 a multiple of 6?
False
Does 13 divide 195?
True
Does 32 divide 22784?
True
Does 43 divide 11991?
False
Is 33 a factor of 56132?
False
Is 19096 a multiple of 44?
True
Is 71 a factor of 4937?
False
Is 33 a factor of 22407?
True
Does 8 divide 16412?
False
Is 7074 a multiple of 6?
True
Does 8 divide 468?
False
Is 57 a factor of 101?
False
Is 9 a factor of 4746?
False
Is 13 a factor of 306?
False
Is 59 a factor of 2419?
True
Does 13 divide 849?
False
Is 570 a multiple of 2?
True
Is 854 a multiple of 8?
False
Is 2 a factor of 1441?
False
Is 24 a multiple of 4?
True
Is 3714 a multiple of 6?
True
Does 88 divide 3011?
False
Is 15 a factor of 1483?
False
Is 10 a factor of 963?
False
Does 37 divide 12503?
False
Is 102 a multiple of 3?
True
Is 148 a factor of 114329?
False
Does 5 divide 531?
False
Is 9780 a multiple of 163?
True
Is 12749 a multiple of 87?
False
Does 27 divide 83?
False
Does 59 divide 236?
True
Is 12782 a multiple of 14?
True
Is 9561 a multiple of 55?
False
Does 9 divide 2106?
True
Is 1907 a multiple of 54?
False
Does 83 divide 3154?
True
Is 77 a multiple of 2?
False
Is 15 a factor of 9450?
True
Is 755 a multiple of 3?
False
Does 106 divide 21412?
True
Is 22 a factor of 1299?
False
Does 70 divide 411?
False
Is 15660 a multiple of 116?
True
Is 7388 a multiple of 13?
False
Is 12 a factor of 27792?
True
Is 682 a multiple of 11?
True
Is 99 a multiple of 9?
True
Does 4 divide 52?
True
Is 118197 a multiple of 430?
False
Does 17 divide 7170?
False
Does 10 divide 27200?
True
Does 7 divide 1463?
True
Is 3 a factor of 439?
False
Does 19 divide 1235?
True
Is 2829 a multiple of 41?
True
Is 12 a factor of 1967?
False
Is 119 a multiple of 46?
False
Is 5 a factor of 10554?
False
Does 3 divide 633?
True
Is 62 a factor of 1165?
False
Is 641 a multiple of 25?
False
Is 18902 a multiple of 17?
False
Is 2562 a multiple of 89?
False
Does 5 divide 9?
False
Is 833 a multiple of 49?
True
Is 16411 a multiple of 8?
False
Is 2180 a multiple of 10?
True
Is 3 a factor of 38?
False
Does